n**2 - 11*n - 7. What is a(-5)?
-102
Let o(n) = 3*n**2 + 3*n - 3. Calculate o(2).
15
Let b(y) = y**3 - 3*y**2 - y + 3. Give b(3).
0
Let s(h) = 37*h + 4. What is s(2)?
78
Let k(j) = j**3 + 10*j**2 + 21*j + 6. What is k(-4)?
18
Let s(h) = -2*h**3 - 5*h**2 - h. What is s(-2)?
-2
Let b(d) = -6*d**2 + 10*d - 3. Calculate b(2).
-7
Let a(r) = -r**2 - 28*r - 113. Give a(-5).
2
Let h(t) = -t**3 - 5*t**2 + 4*t + 20. Calculate h(-5).
0
Let h(v) = 2*v**2 + 5*v + 2. Determine h(5).
77
Let b(d) = 2*d**2 - 22*d - 28. Determine b(12).
-4
Let k(d) = 2*d**2 + d - 1. Determine k(4).
35
Let s(r) = -r**3 - 17*r**2 - 15*r + 11. Calculate s(-16).
-5
Let k(y) = -2*y**2 + 13*y + 3. Determine k(8).
-21
Let m(u) = 17*u**3 + u**2 + 7*u - 1. What is m(-2)?
-147
Let a(t) = -t**2 + 16*t - 58. Determine a(7).
5
Let x(k) = k - 20. What is x(13)?
-7
Let g(w) = 9*w - 44. Give g(5).
1
Let t(p) = -p**3 + 6*p**2 - 6*p + 23. Give t(5).
18
Let w(c) = c**2 + 16*c - 5. Give w(-15).
-20
Let b(s) = -10*s - 12. What is b(-12)?
108
Let q(a) = -a**3 + 12*a**2 - 14*a - 15. What is q(11)?
-48
Let k(i) = -i + 8. Calculate k(-8).
16
Let o(a) = a**3 + 15*a**2 - 15*a + 2. Calculate o(-16).
-14
Let i(k) = -k**3 - 2*k**2 + 9*k + 9. Calculate i(-5).
39
Let q(z) = 6*z - 111. Give q(20).
9
Let m(h) = -h - 10. What is m(-11)?
1
Let i(u) = 7*u**2 - 3*u - 15. Give i(-4).
109
Let l(g) = -2*g - 1. Give l(12).
-25
Let d(f) = 3*f - 16. Determine d(-7).
-37
Let l(h) = -54*h + 57. Calculate l(1).
3
Let r(n) = n**2 - 9*n - 15. Give r(10).
-5
Let g(n) = -4*n**2 + 16*n + 7. Calculate g(5).
-13
Let w(p) = 16*p + 90. Determine w(-5).
10
Let v(j) = 3*j**2 - 9*j - 18. What is v(-3)?
36
Let l(c) = -43*c + 91. Calculate l(5).
-124
Let p(v) = 8*v + 83. Determine p(-12).
-13
Let w(o) = 8*o - 6. Give w(6).
42
Let n(b) = b**3 - 7*b**2 - b - 2. Determine n(7).
-9
Let m(q) = -q**3 + 5*q**2 - 5*q - 5. What is m(5)?
-30
Let u(r) = -r**3 - 4*r**2 + r + 2. Calculate u(-5).
22
Let g(f) = -5*f**2 + 3*f. Calculate g(2).
-14
Let c(f) = 2*f. Give c(-3).
-6
Let a(l) = -4*l**2 - 19*l + 11. Calculate a(-5).
6
Let k(w) = w**3 - 3*w**2 + 10*w - 2. Calculate k(3).
28
Let g(a) = a**2 + 43*a - 234. What is g(-48)?
6
Let d(y) = -y**3 - 6*y**2 + 4*y - 2. Give d(-5).
-47
Let v(s) = 2*s**2 + 36*s - 131. Determine v(4).
45
Let j(g) = -77*g - 82. Determine j(-1).
-5
Let o(w) = -w**3 - 20*w**2 - 19*w + 4. Determine o(-19).
4
Let p(h) = -29*h - 3. Calculate p(-2).
55
Let a(t) = 9*t + 19. What is a(-9)?
-62
Let z(a) = -a**2 - 12*a + 4. What is z(-12)?
4
Let y(a) = -a**3 - 6*a**2 + a - 5. Determine y(-6).
-11
Let c(n) = -n - 26. Calculate c(-15).
-11
Let v(p) = -p**2 + 8*p - 17. Give v(4).
-1
Let h(l) = -l**3 + 4*l**2 + 18*l + 8. Calculate h(7).
-13
Let f(w) = -w**3 - 9*w**2 - 4*w - 38. What is f(-9)?
-2
Let w(a) = 6*a - 7. What is w(4)?
17
Let y(d) = -17*d**3 + 2*d - 1. Determine y(1).
-16
Let u(w) = -4*w + 5. What is u(6)?
-19
Let u(d) = d**3 - 8*d**2 + d - 19. Determine u(8).
-11
Let s(b) = -b**3 - 14*b**2 + 15. Determine s(-14).
15
Let v(d) = d**3 - 5*d**2 + 3. Give v(4).
-13
Let v(b) = b**2 + 23*b - 108. What is v(-27)?
0
Let d(b) = b**2 - 9*b - 1. Determine d(7).
-15
Let a(h) = h**3 - 8*h**2 + 2*h - 4. What is a(6)?
-64
Let d(g) = -g**2 - 18*g - 76. Give d(-12).
-4
Let m(j) = -j**3 + 7*j**2 + 5*j + 23. Determine m(8).
-1
Let n(q) = -2*q**3 + 14*q**2 - 2*q + 18. Determine n(7).
4
Let k(i) = -i + 5. What is k(-12)?
17
Let q(i) = -35*i**2 + i + 1. Calculate q(-1).
-35
Let o(l) = 6*l**2 - 9*l. Calculate o(6).
162
Let j(y) = -y**2 - 5*y + 9. Give j(-11).
-57
Let d(q) = q**3 + 3*q**2 - q - 3. Determine d(-4).
-15
Let u(p) = 2*p + 10. Calculate u(-12).
-14
Let l(a) = -a**3 - 11*a**2 - 13*a + 6. Determine l(-10).
36
Let b(r) = 4*r**2 - 4*r - 11. Give b(6).
109
Let n(u) = 4*u + 19. Calculate n(-6).
-5
Let i(k) = -k**3 - 3*k**2 + 8*k + 14. Calculate i(-4).
-2
Let c(y) = y**2 + 8*y + 6. Determine c(-6).
-6
Let w(n) = n**2 - n + 1. What is w(3)?
7
Let k(h) = h + 15. What is k(-20)?
-5
Let y(x) = -x**2 + 18*x - 37. Determine y(13).
28
Let x(j) = -j**2 - 69*j - 1085. Calculate x(-45).
-5
Let c(t) = -2*t**3 + 8*t**2 - 2*t - 3. Determine c(3).
9
Let i(x) = -x**2 + 10*x + 6. Calculate i(8).
22
Let o(h) = h**3 + 18*h**2 + h + 20. What is o(-18)?
2
Let x(a) = 10*a + 29. Calculate x(-2).
9
Let r(o) = -o**3 - 3*o**2 - 2*o. Determine r(-1).
0
Let v(t) = 3*t - 110. Give v(36).
-2
Let h(w) = -w + 3. Calculate h(3).
0
Let g(t) = -2*t - 7. Give g(-3).
-1
Let p(c) = 44*c + 4. Give p(0).
4
Let u(l) = -2*l**2 - 12*l - 20. Give u(-8).
-52
Let q(h) = 2*h - 15. What is q(6)?
-3
Let w(z) = -z - 52. Calculate w(-14).
-38
Let r(j) = -2*j**3 - 4*j**2 - 28*j + 57. Determine r(2).
-31
Let n(q) = -q**3 - 7*q**2 + 2*q - 8. Give n(-6).
-56
Let q(m) = -m**3 + 7*m**2 - 5*m + 6. Calculate q(6).
12
Let p(r) = r**3 - 13*r**2 + 13*r + 11. What is p(12)?
23
Let r(t) = -t**3 - t**2 + t - 29. What is r(0)?
-29
Let y(n) = 10*n + 5. What is y(-3)?
-25
Let x(o) = -o**2 + 6*o + 7. Give x(7).
0
Let i(q) = q**3 - 4*q**2 + 3*q + 1. Give i(3).
1
Let o(a) = 12*a**3 - a**2 - a - 1. What is o(-1)?
-13
Let b(p) = p**2 + 13*p - 105. Determine b(6).
9
Let j(z) = -z**3 - 7*z**2 - 12*z - 6. Calculate j(-5).
4
Let h(j) = -j**3 + 5*j**2 + 3*j - 10. Calculate h(4).
18
Let v(z) = z**3 - z**2 - z + 13. Calculate v(0).
13
Let y(x) = x**2 + x + 5. What is y(0)?
5
Let j(p) = -25*p - 89. Calculate j(-4).
11
Let u(c) = -3*c**2 - 6*c + 6. Calculate u(-7).
-99
Let p(m) = -3*m**2 - 36*m + 6. Give p(-12).
6
Let w(a) = a**2 + 19*a + 7. Give w(-19).
7
Let m(l) = -5*l - 61. What is m(-9)?
-16
Let h(k) = k**3 - 4*k**2 - 7. Determine h(5).
18
Let o(m) = -3*m**3 + 39*m**2 - 3*m + 24. Calculate o(13).
-15
Let i(k) = 7*k + 5. Calculate i(4).
33
Let p(v) = v**3 + 4*v**2 - 10*v - 6. Calculate p(3).
27
Let w(u) = -u**2 + 8*u + 11. Calculate w(10).
-9
Let a(g) = 16*g - 1. Give a(-1).
-17
Let x(h) = 10*h - 522. Determine x(53).
8
Let s(d) = -d**3 + 6*d**2 + 9*d + 11. Calculate s(8).
-45
Let x(a) = a**2 - 24*a - 17. What is x(25)?
8
Let i(b) = -b**2 - 17*b - 31. Calculate i(-13).
21
Let r(m) = 29*m - 223. Determine r(7).
-20
Let r(l) = -l**2 + 16*l - 81. Give r(5).
-26
Let t(o) = o**2 - 8*o + 19. Calculate t(6).
7
Let x(h) = h**3 + 15*h**2 + 15*h - 6. Calculate x(-14).
-20
Let g(f) = -3*f**2 - 5*f + 6. Give g(4).
-62
Let r(f) = 7*f**3 + 3*f**2 - 3*f. What is r(2)?
62
Let x(r) = 4*r**2 + 5*r + 4. What is x(-1)?
3
Let c(i) = 20*i**3 - 3*i**2 - 2*i - 1. Determine c(-1).
-22
Let r(i) = -i - 1. Calculate r(10).
-11
Let b(r) = -r**2 - 31*r + 83. Calculate b(3).
-19
Let l(o) = -o**2 - 13*o - 21. Give l(-21).
-189
Let t(d) = -d**2 - 49*d - 48. Give t(-48).
0
Let f(j) = -2*j**3 + 4*j**2 + 3*j + 27. What is f(4)?
-25
Let m(g) = 17*g**3 - 2*g + 1. Determine m(1).
16
Let d(b) = -b + 9. Give d(7).
2
Let w(h) = h + 11. Give w(3).
14
Let b(j) = -2*j - 4. What is b(5)?
-14
Let w(p) = -30*p + 2. Determine w(2).
-58
Let k(x) = -4*x + 2. Give k(4).
-14
Let x(i) = -i**3 - 10*i**2 + 13*i - 10. Determine x(-11).
-32
Let f(c) = c**3 - 4*c**2 - 2*c - 9. Give f(4).
-17
Let p(w) = -7*w**3 - w**2 - w + 1. Calculate p(1).
-8
Let y(d) = -d + 8. What is y(17)?
-9
Let f(l) = -l**2 - 110*l + 346. Determine f(3).
7
Let h(i) = i + 55. Determine h(-8).
47
Let u(y) = 4*y**2 - 20*y - 14. Calculate u(7).
42
Let q(j) = 6*j + 23. Determine q(-6).
-13
Let w(q) = q**3 + 5*q**2 - 3*q - 3. Give w(-5).
12
Let o(n) = n**2 + 2*n + 7. Calculate o(6).
55
Let v(g) = 2*g**2 - 11*g + 34. Calculate v(10).
124
Let p(w) = -w**3 - 3*w**2 + 7*w - 2. Calculate p(-5).
13
Let q(x) = 2*x**3 - 23*x**2 + 12*x - 35. Calculate q(11).
-24
Let k(x) = -6*x**2 + 84*x - 2. What is k(14)?
-2
Let l(h) = 17*h**2 - 5*h - 1. Determine l(-1).
21
Let f(v) = -31*v**2 + 3*v - 2. Give f(1).
-30
Let u(h) = -3*h + 66. Calculate u(25).
-9
Let u(n) = -3*n - 26. Give u(-10).
4
Let n(m) = -2*m - 3. Calculate n(1).
-5
Let m(h) = 6*h**2 + 6*h - 11. What is m(4)?
109
Let g(k) = -k**3 - 9*k**2 + 22*k + 13. What is g(-11)?
13
Let a(b) = -b**3 - b**2 + 8*b + 7. Calculate a(3).
-5
Let g(v) = -7*v + 39. Calculate g(5).
4
Let f(t) = -6*t**2 - 4*t - 5. What is f(-4)?
-85
Let b(v) = 8*v - 3. What is b(-4)?
-35
Let u(o) = o**3 + 6*o**2 - 12*o - 8. Give u(-8).
-40
Let i(d) = d**2 + 27*d + 96. Give i(-23).
4
Let q(a) = a - 20. Wh